 - 5b269?
-5b267
In base 2, what is -10001011001 + 10010000?
-1111001001
In base 10, what is -13751 + 10?
-13741
In base 9, what is -401728 + -3?
-401732
In base 2, what is 1100 - 10000111101010100?
-10000111101001000
In base 3, what is -212 + -11110120012?
-11110121001
In base 9, what is -424570 + -7?
-424577
In base 9, what is 267244 - 38?
267205
In base 3, what is -20 + 1100101?
1100011
In base 4, what is 103312303 - 2?
103312301
In base 11, what is -4 + 1a57?
1a53
In base 13, what is -26 + -4a0?
-4c6
In base 7, what is -136264 + 5?
-136256
In base 6, what is -1351351 + -2?
-1351353
In base 16, what is -1db4 + -d?
-1dc1
In base 9, what is -87054 - -7?
-87046
In base 11, what is -238 + -247?
-484
In base 4, what is 13210200 - -10?
13210210
In base 8, what is 104 + 7637?
7743
In base 13, what is -1c496 - -2?
-1c494
In base 11, what is 38 - -25261?
25299
In base 9, what is -12148 - -87?
-12051
In base 16, what is 1622 + -2e?
15f4
In base 10, what is 0 - -1686005?
1686005
In base 8, what is -123 - -2011?
1666
In base 16, what is -1 + 817b5?
817b4
In base 12, what is -25b33 + -11?
-25b44
In base 12, what is 3581441 + -5?
3581438
In base 4, what is 10303 + -21322?
-11013
In base 8, what is 31062 + 1?
31063
In base 5, what is 42 + -20330?
-20233
In base 16, what is -38 + -2214?
-224c
In base 14, what is 689 - -40?
6c9
In base 16, what is -7db6e - -3?
-7db6b
In base 3, what is -1101 + 22202?
21101
In base 16, what is 25d + 9d?
2fa
In base 5, what is -111424342 - -2?
-111424340
In base 9, what is -182 + 33731?
33538
In base 3, what is 2001 - 2200?
-122
In base 8, what is 0 - 3336?
-3336
In base 13, what is 6 - 404?
-3cb
In base 11, what is 19 + -3503?
-3495
In base 13, what is 284c03 + 1?
284c04
In base 2, what is -110100001 - -1001101?
-101010100
In base 11, what is -1aa59 + 2?
-1aa57
In base 11, what is 16924 - 4?
16920
In base 4, what is 2033 - -21000?
23033
In base 11, what is 7 + 1932?
1939
In base 3, what is 101200112201102 - 1?
101200112201101
In base 15, what is 14e + -b9b?
-a4c
In base 12, what is 19 + 2a64b?
2a668
In base 9, what is -466643 + 5?
-466637
In base 16, what is 0 + 1d44?
1d44
In base 14, what is -3 + -b601?
-b604
In base 4, what is -320 + 100320?
100000
In base 13, what is -635 - -c3c?
607
In base 16, what is -1b0f0 - -4?
-1b0ec
In base 12, what is -157068 - -4?
-157064
In base 3, what is 1012220201 - 11?
1012220120
In base 16, what is -82 + 26d?
1eb
In base 3, what is -212021010 + 102?
-212020201
In base 9, what is -1512 + 1035?
-466
In base 12, what is 20 + -1363?
-1343
In base 11, what is -356 - 84?
-42a
In base 13, what is -2 - -4155?
4153
In base 9, what is -1306 - 106?
-1413
In base 7, what is -2060 + 115?
-1642
In base 13, what is -1535b + 2?
-15359
In base 16, what is -1212e - 18?
-12146
In base 13, what is 2 - 12651?
-1264c
In base 14, what is -a3 + 5bc?
519
In base 3, what is -100122210 + -112?
-100200022
In base 16, what is 4a8c + b1?
4b3d
In base 9, what is -1826138 - -2?
-1826136
In base 16, what is 13b7 + 4?
13bb
In base 14, what is -111145 + -5?
-11114a
In base 13, what is 0 - 604a5?
-604a5
In base 14, what is 3 - 27c6?
-27c3
In base 7, what is -32346330 - 2?
-32346332
In base 8, what is -106 - -42?
-44
In base 16, what is -c0e + 4?
-c0a
In base 12, what is -15 + a18?
a03
In base 14, what is 21 - -207?
228
In base 12, what is -1144a + -3?
-11451
In base 13, what is -1a - -4a19?
49cc
In base 6, what is 1 - -25223?
25224
In base 9, what is -58 - -27625?
27556
In base 7, what is -2 - 331301?
-331303
In base 5, what is -34344434 - 1?
-34344440
In base 16, what is -1 - be9b?
-be9c
In base 16, what is -10 + 1ead?
1e9d
In base 11, what is -38 + 3189?
3151
In base 6, what is -533113 - -112?
-533001
In base 12, what is -5b3 + 13b8?
a05
In base 8, what is -550354 - 0?
-550354
In base 4, what is -323030231 + 23?
-323030202
In base 14, what is 87 + -216?
-16d
In base 8, what is 437 + -5275?
-4636
In base 9, what is 5136 + 11?
5147
In base 9, what is -5162 + 2?
-5160
In base 10, what is -164 - 135?
-299
In base 15, what is 2d868 + -3?
2d865
In base 14, what is -33670 - -3?
-3366b
In base 16, what is -8 + 265b0?
265a8
In base 6, what is -14033535 - -3?
-14033532
In base 16, what is 7c - -a1?
11d
In base 10, what is 0 + -367638?
-367638
In base 11, what is -149 + 23a2?
2254
In base 14, what is -96 + 21a?
164
In base 10, what is 2121270 + 4?
2121274
In base 15, what is cae9 + 9?
cb03
In base 9, what is -3 + -25083?
-25086
In base 4, what is 3022123 - 1?
3022122
In base 13, what is 5754 + -17?
573a
In base 10, what is -1584605 - -5?
-1584600
In base 10, what is 126 + -1768?
-1642
In base 10, what is 2 - 1829?
-1827
In base 13, what is 3a1cb6 - 2?
3a1cb4
In base 8, what is 2 + -46365?
-46363
In base 16, what is 7 - 2349?
-2342
In base 7, what is 4 + -55435?
-55431
In base 16, what is 72 - 15c?
-ea
In base 3, what is -220121 + -1121202?
-2112100
In base 6, what is -14 - -25311010?
25310552
In base 3, what is -10002002222 - 1?
-10002010000
In base 15, what is 5 + 518b?
5191
In base 15, what is -1 - 2164?
-2165
In base 16, what is -36cea - -4?
-36ce6
In base 9, what is 0 - 83023?
-83023
In base 6, what is -233340 + 54?
-233242
In base 10, what is 9033 - -395?
9428
In base 9, what is -2614 - 1178?
-3803
In base 5, what is -30421011 + -1?
-30421012
In base 9, what is -52888 - 5?
-53004
In base 7, what is 45634 + -423?
45211
In base 7, what is -5 - -32535?
32530
In base 11, what is -2 - 70088?
-7008a
In base 15, what is b + 69332?
6933d
In base 14, what is 711 + -179?
576
In base 6, what is -40030 - 41?
-40111
In base 7, what is -2664 - 1240?
-4234
In base 10, what is 9 - -11030?
11039
In base 11, what is 980 - 211?
76a
In base 15, what is 1a - -1a72?
1a8c
In base 5, what is 13 - -341042?
341110
In base 9, what is 1 - 28832?
-28831
In base 12, what is -3 + 5ba5?
5ba2
In base 13, what is 274 + -4?
270
In base 8, what is -3327 + 65?
-3242
In base 8, what is -113 - -635?
522
In base 7, what is -11124 - 16?
-11143
In base 4, what is 123 + 2011?
2200
In base 16, what is 826 - 81?
7a5
In base 11, what is -25038a + 8?
-250382
In base 14, what is 4a10 - 3?
4a0b
In base 7, what is -254613 + 4?
-254606
In base 6, what is 3 - -25443114?
25443121
In base 6, what is -11145 - 430?
-12015
In base 5, what is 3 - -1014342?
1014400
In base 7, what is -266152 - 3?
-266155
In base 15, what is 20d5 - -3?
20d8
In base 4, what is 10 + 22221230?
22221300
In base 5, what is 2340 - -212?
3102
In base 12, what is 3b6 + -3a?
378
In base 4, what is 11030 + -1100?
3330
In base 5, what is -21114 + -1?
-21120
In base 6, what is -5 - -2435423?
2435414
In base 5, what is 0 + -134020344?
-134020344
In base 5, what is -1310 + 1024?
-231
In base 3, what is -10221 - -122110?
111112
In base 13, what is 34 - 39836?
-39802
In base 14, what is 2 - 151cd?
-151cb
In base 6, what is -225 + -224022?
-224251
In base 15, what is -9a - -4?
-96
In base 14, what is -14 + -6a9?
-6bd
In base 6, what is 141 + -114523?
-114342
In base 15, what is -452a + 0?
-452a
In base 12, what is -16556 + -1?
-16557
In base 5, what is -22420240 + 2?
-22420233
In base 4, what is -1022230132 - 1?
-1022230133
In base 9, what is -3 - 3377?
-3381
In base 15, what is -4 + 10913?
1090e
In base 8, what is 54 - 37276?
-37222
In base 4, what is -112302 + 323?
-111313
In base 3, what is 21 - 11110010?
-11102212
In base 11, what is 7513 + -4a7?
7017
In base 15, what is -2b5 + 22?
-293
In base 5, what is 3443424312 - -10?
3443424322
In base 2, what is -11101 + 111001001?
110101100
In base 13, what is -1733 - -16?
-171a
In base 7, what is 54434 - -450?
55214
In base 13, what is 5 - -1b31?
1b36
In base 8, what is 302621 + -3?
302616
In base 4, what is -11 - -23213233?
23213222
In base 10, what is 1 + -43621?
-43620
In base 9, what is -3712335 + -2?
-3712337
In base 2, what is 0 + -11100111000000?
-11100111000000
In base 6, what is -1155250 + 5?
-1155241
In base 16, what is -2 - 400c?
-400e
In base 16, what is -7 - 41c06?
-41c0d
In base 5, what is -20202 + -402?
-21104
In base 9, what is -817 + -276?
-1204
In base 11, what is 2 - -2a139?
2a140
In base 12, what is -9 + -4124?
-4131
In base 5, what is -420 - 2444?
-3414
In base 10, what is 457918 + 4?
457922
In base 7, what is -113422 + -4?
-113426
In base 7, what is